me factors of 1082/(-1*2 - (-345)/138).
2, 541
Let g be -1 + ((-648)/(-63) - 4/14). Suppose 252 - 1017 = -g*r. List the prime factors of r.
5, 17
Let m = 38 - 107. Suppose 4*u - 2*k + 22 = 0, -2*k + 17 = -2*u + k. Let t = u - m. List the prime factors of t.
5, 13
Let r = 64 - 124. Let i = r - -87. List the prime factors of (-1 + 12)/(9/i).
3, 11
Suppose 5*b = k - 4714, -186*b + 12 = -189*b. List the prime factors of k.
2, 2347
Let n(q) = 154*q + 1. Let g be n(1). Let x = g - 98. Let r = x + -41. What are the prime factors of r?
2
Let q = 41 + 6. Let x = q - -10. Suppose 13*s + x = 16*s. List the prime factors of s.
19
Let w(a) = a**3 + 3*a**2 - 38*a - 10. List the prime factors of w(-7).
2, 3, 5
Let a(n) = n**3 - 5*n**2 - 6*n + 44. Let b be a(5). Let k = 99 - b. What are the prime factors of k?
5, 17
Suppose -5*t + 32 = 4*i, 5*i + t = -0*i + 40. Let v(l) = 7*l - 44. List the prime factors of v(i).
2, 3
Let s(l) be the third derivative of -l**5/60 + 31*l**4/24 - 19*l**3/6 - 25*l**2. What are the prime factors of s(21)?
191
Let h(s) = 664*s - 43. List the prime factors of h(1).
3, 23
What are the prime factors of 898816/192 - 2/(-3)?
2, 2341
Suppose -25 + 3 = v. Let c = -13 - v. Let a(i) = i**3 - 8*i**2 - 4*i - 12. List the prime factors of a(c).
3, 11
Suppose -4*x + 26 = 10. List the prime factors of 58/x - 6/(-12).
3, 5
Suppose -5 = 3*r + 19. Suppose 4*y = -31 - 1. What are the prime factors of ((-46)/y)/((-1)/r)?
2, 23
Let i = -38 + 40. What are the prime factors of -3 + i - 5*-5?
2, 3
Let a be ((-2)/(-4))/(1/528). Suppose 2*k + 2*m = 26, m - 54 + 5 = -5*k. List the prime factors of ((-18)/(-12))/(k/a).
2, 11
Let f = 84 + -56. Let j = -3 - -21. Let d = f - j. List the prime factors of d.
2, 5
Let w(v) = 76 + 35 - 12 - 4*v. What are the prime factors of w(0)?
3, 11
Suppose 0 = -2*l + 4, 2*l - 7*l - 130 = 2*t. Let g = 38 + t. What are the prime factors of (-39)/(4/(g/12))?
2, 13
Let a = 12 + 5. Let w = a - -125. List the prime factors of w.
2, 71
Suppose -5 = -5*w + 5. Suppose 0 = -w*l + 10 + 54. What are the prime factors of l?
2
Let g be ((-18)/15)/((-6)/45). Let v = -12 + g. What are the prime factors of v/(-4)*(5 + -1)?
3
Let n(u) = u**3 + 3*u**2 - 5*u - 1. Let c be n(-4). Let k(w) = 3*w**3 - 5*w + 0*w**3 + 0 - 2*w**c + 5 - 2*w**2. List the prime factors of k(4).
17
Suppose -k + 2 + 1 = 0. Suppose 3*n - 67 = -5*r, 0 = -2*n + 4*r + r + 53. Suppose -k*g + n = g. List the prime factors of g.
2, 3
Let c = 462 + -246. Let l = -126 + c. What are the prime factors of l?
2, 3, 5
Let x(o) = -444*o + 2. What are the prime factors of x(-1)?
2, 223
Let f be -2 + (0 - -1) + (-204)/3. Let u = 46 - f. List the prime factors of u.
5, 23
Let g be (16/40 - 7/5) + 6. Suppose 149 + 46 = g*o. List the prime factors of o.
3, 13
What are the prime factors of (-199)/(-1393)*(-1 - -11684)?
1669
Let a(u) = 2*u**2 + 47*u + 190. List the prime factors of a(29).
5, 647
Suppose -29*u - 2156 = -22*u. What are the prime factors of (0 + -1)/(4/u) + -1?
2, 19
Let c(f) = 2*f - 2. Let y be c(2). Suppose a - j = 5, 3*j = -y*j + 5. List the prime factors of -2*(-75)/a*1.
5
Let u(n) = -262*n - 56. What are the prime factors of u(-3)?
2, 5, 73
Let z = 710 - 388. Let f = z - 167. List the prime factors of f.
5, 31
Let b(d) = d**2 - 3*d - 13. Let g be b(6). Let h = g - 0. Suppose c - h*s - 33 = 0, c + 3*c = -4*s + 108. List the prime factors of c.
2, 7
What are the prime factors of (-3 - -30)*-1*-23?
3, 23
What are the prime factors of (2/(-8))/(6/(-48)) - -1234?
2, 3, 103
Let p(d) = d**2 + d + 16. Let q = -23 + 27. Suppose q*y + 12 = 0, k - 3*y - 2*y = 8. What are the prime factors of p(k)?
2, 29
What are the prime factors of 30/(-20)*(-7)/((-7)/(-250))?
3, 5
Suppose -11*w - 12 = -17*w. What are the prime factors of (w + (-40)/2)*(-11 - -6)?
2, 3, 5
Let n(c) = -c**3 - 6*c**2 + 13*c + 10. Let p(t) = -t**3 - 5*t**2 + 15*t - 1. Let v be p(-7). List the prime factors of n(v).
2, 17
Let k = 19 + -19. Suppose -6*a + 5*a + 4*x = -57, -2*a - x + 150 = k. What are the prime factors of a?
73
Suppose 0*q + 2 = q, 3*z - 2814 = -3*q. What are the prime factors of z?
2, 3, 13
Suppose 0*r = -3*r - 2*r. Suppose r = 12*q - 15*q + 18. What are the prime factors of q?
2, 3
List the prime factors of 4/(-22) - 194584/(-572).
2, 5, 17
Let w = 1375 - 495. What are the prime factors of w?
2, 5, 11
Let s(m) = -m**2 - 8*m - 5. Let a be s(-7). Suppose -2*c + 5*h = -139, 4*c - 135 = a*c + h. Let i = c + -36. List the prime factors of i.
31
Let v(g) = 2*g**2 + 6*g + 11. Let p be v(8). Suppose -5*n = -2*y - 5 + p, -y = n - 91. What are the prime factors of y?
7, 13
Suppose 5*g = -8*z + 4*z + 15454, -3*g - 6 = 0. List the prime factors of z.
2, 1933
Let r(n) = -9*n + 2. Suppose 5*s + 4*p + 14 = 2*s, -5*p = -5*s. Let i be r(s). Suppose 32 + i = 4*j. List the prime factors of j.
13
Let j(r) = r**3 + 4*r**2 + 3*r - 4. Let i be j(-3). Suppose y = 5*h + 4*y - 21, -3*y = 2*h - 3. What are the prime factors of (1/i)/(h/(-48))?
2
Suppose -3*v + 74 = 5*b, -4*b + b = 5*v - 38. Let c be 2 + ((-1)/1 - -9). Let p = b - c. What are the prime factors of p?
2, 3
Let j be ((-99)/(-6))/((-15)/(-40)). Suppose -4*y = y + 2*x - 220, -2*x + j = y. What are the prime factors of y?
2, 11
Let x(l) = -3*l**3 + l**2 + 16*l + 67. List the prime factors of x(-3).
109
Suppose 2*g - 14 = -8. Suppose 5*f - 12 = g*f. What are the prime factors of f?
2, 3
Suppose -3*g + 2*g = 0. Suppose -v + 5*b = -13 - 5, v + 4*b - 18 = g. What are the prime factors of v?
2, 3
Suppose p - 8 + 6 = 0. Suppose 0 = p*l - b - 222, l + 3*l = -3*b + 434. What are the prime factors of l?
2, 5, 11
Let r = -171 + 835. What are the prime factors of r?
2, 83
Let r(u) = u**3 + 5*u**2 + u - 8. Let j be r(-4). Suppose j*n = 3*n. Suppose n = -a - 2*q + 20, -2*q + 5 + 5 = 0. List the prime factors of a.
2, 5
Let h(m) = m**3 - 14*m**2 - 12*m + 4. Let k be h(15). Let z = 81 - k. List the prime factors of z.
2
Let f be 1 + 2 - (-2 - -12). Let n(d) be the second derivative of -d**5/20 - 5*d**4/12 + 7*d**3/6 - 4*d**2 + 6*d. What are the prime factors of n(f)?
41
Let h(y) = 14*y - 60. Let o(z) = 27*z - 121. Let p(x) = -5*h(x) + 3*o(x). What are the prime factors of p(14)?
7, 13
Let s(a) = a**2 - 38*a + 577. List the prime factors of s(23).
2, 29
Let m(l) = -l**2 + 9. Let f(c) = -c**3 - 20*c**2 - 20*c - 19. Let n be f(-19). What are the prime factors of m(n)?
3
Suppose 4*h = 2*n - 716, 3*n - 30*h + 33*h = 1083. List the prime factors of n.
2, 3, 5
Let t = 415 + 1699. List the prime factors of t.
2, 7, 151
Let c = -50 + 13. Let t = c - -205. List the prime factors of t.
2, 3, 7
Let y = -1 - -17. What are the prime factors of 5/40 + 1038/y?
5, 13
Let i = -13 + 41. What are the prime factors of 3031/i - 1/4?
2, 3
Suppose 4*f = 3*f + 2*g + 102, 5*g = -4*f + 434. Let k = f - 65. List the prime factors of k.
41
Let s be 15/6 + 15/10. Suppose 222 = s*j - 0*z - 3*z, -z = 2*j - 116. List the prime factors of j.
3, 19
Suppose h - 3*x = -7*x - 5, -x = 2. List the prime factors of 62 + (1 - 3) + h.
3, 7
Let v be 27/9*(-5)/(-3). Suppose 0 = 4*c - 71 - v. List the prime factors of c.
19
Suppose -45*h - 60382 = -83*h. List the prime factors of h.
7, 227
Suppose -158*t = -189*t + 134633. What are the prime factors of t?
43, 101
Let z = 27 - 16. Suppose 6*l + z = 29. Suppose l*j - 6*j + 168 = 0. List the prime factors of j.
2, 7
Let d be (-8 + 3)/(-5) + 2. Suppose 13 = 3*g + 1, d*g = 5*x - 793. What are the prime factors of x?
7, 23
Let p(g) = -12*g - 2. Let d(i) = -i - 20. Let y be d(-12). Let h be 2/(-8) - (-6)/y. What are the prime factors of p(h)?
2, 5
Let a be 2/4*(14 - -4). Let h be (a - (3 - 2)) + -3. Suppose -1 = -3*o + s - 0, -h*o + 4*s - 10 = 0. List the prime factors of o.
2
Suppose -5 = 3*f + 1, -5*f - 4 = 2*p. Suppose -t = p*k - 200 - 5, -4*t = k - 72. Suppose c + 2*q - k = -3*c, -4*q + 10 = c. List the prime factors of c.
2, 3
Let q(f) = f**3 + 46*f**2 + 49*f + 242. List the prime factors of q(-44).
2, 11, 89
Let x = -1040 + 2009. List the prime factors of x.
3, 17, 19
Let l(z) = z**2 + z - 4. Let v be l(-4). Let g(s) = -s**3 + 7*s**2 + 4*s - 7. Let m be g(v). Let a = -15 - m. What are the prime factors of a?
2, 3
Suppose -4*g + 42 = 6. Let a = g - 5. What are the prime factors of 